{"id":9878,"date":"2016-05-04T20:01:55","date_gmt":"2016-05-04T20:01:55","guid":{"rendered":"http:\/\/susebauer.net\/wordpress\/?page_id=9878"},"modified":"2023-01-22T10:39:53","modified_gmt":"2023-01-22T10:39:53","slug":"impressum","status":"publish","type":"page","link":"http:\/\/susebauer.net\/wordpress\/impressum\/","title":{"rendered":"Impressum"},"content":{"rendered":"<p>Trotz sorgf\u00e4ltiger inhaltlicher Kontrolle \u00fcbernehme ich keine Haftung f\u00fcr die Inhalte externer Links. F\u00fcr den Inhalt der verlinkten Seiten sind ausschlie\u00dflich deren Betreiber verantwortlich.<\/p>\n<p>mail(at)susebauer.net<\/p>\n<p>Galerie Conradi Hamburg \/ Brussels<\/p>\n<p>www.galerie-conradi.de<\/p>\n<p>_______________________________________________________________________<\/p>\n<p><strong>Datenschutzbestimmungen <\/strong><\/p>\n<p>1.\u00a0\u00a0\u00a0\u00a0\u00a0\u00a0 Einleitung<\/p>\n<p>Mit dem Betrieb meiner Webseite www.susebauer.net (im Folgenden \u201eWebseite\u201c genannt) verarbeite ich personenbezogene Daten. Diese werden von mir vertraulich behandelt und nach den geltenden Gesetzen \u2013 insbesondere der Datenschutzgrundverordnung (DSGVO) und des Bundesdatenschutzgesetzes (BDSG-neu) \u2013 verarbeitet. Mit diesen Datenschutzbestimmungen m\u00f6chte ich Sie informieren, welche personenbezogenen Daten ich von Ihnen erhebe, zu welchen Zwecken und auf welcher Rechtsgrundlage ich sie verwende und gegebenenfalls wem ich sie offenlege. Dar\u00fcber hinaus werde ich Ihnen erkl\u00e4ren, welche Rechte Ihnen zur Wahrung und Durchsetzung Ihres Datenschutzes zustehen.<\/p>\n<p>2.\u00a0\u00a0\u00a0\u00a0\u00a0\u00a0 Begriffe<\/p>\n<p>Diese Datenschutzbestimmungen enthalten Fachbegriffe, die in der DSGVO und dem BDSG-neu stehen. Zu Ihrem besseren Verst\u00e4ndnis will ich diese Begriffe in einfachen Worten vorab erkl\u00e4ren:<\/p>\n<p>2.1\u00a0\u00a0\u00a0\u00a0\u00a0\u00a0 Personenbezogene Daten<\/p>\n<p><u>\u201ePersonenbezogene Daten\u201c<\/u> sind alle Informationen, die sich auf eine identifizierte oder identifizierbare Person beziehen (Art. 4 Nr. 1 DSGVO). Angaben einer identifizierten Person k\u00f6nnen z.B. der Name oder die E-Mail-Adresse sein. Personenbezogen sind aber auch Daten, bei denen die Identit\u00e4t nicht unmittelbar ersichtlich ist, sich aber ermitteln l\u00e4sst, indem man eigene oder fremde Informationen kombiniert und so erf\u00e4hrt, um wen es sich handelt. Eine Person wird z.B. \u00fcber die Angabe ihrer Anschrift oder Bankverbindung, ihres Geburtsdatums oder Benutzernamens, ihrer IP-Adressen und\/oder Standortdaten identifizierbar. Relevant sind hier alle Informationen, die in irgendeiner Weise einen R\u00fcckschluss auf eine Person zulassen.<\/p>\n<p>2.2\u00a0\u00a0\u00a0\u00a0\u00a0\u00a0 Verarbeitung<\/p>\n<p>Unter einer \u201e<u>Verarbeitung<\/u>\u201c versteht Art. 4 Nr. 2 DSGVO jeden Vorgang im Zusammenhang mit personenbezogenen Daten. Dies betrifft insbesondere das Erheben, das Erfassen, die Organisation, das Ordnen, die Speicherung, die Anpassung oder Ver\u00e4nderung, das Auslesen, das Abfragen, die Verwendung, die Offenlegung, \u00dcbermittlung, Verbreitung oder eine andere Form der Bereitstellung, den Abgleich oder die Verkn\u00fcpfung, die Einschr\u00e4nkung, das L\u00f6schen oder die Vernichtung von personenbezogenen Daten.<\/p>\n<p>Verantwortliches Unternehmen und Datenschutzbeauftragter<\/p>\n<p><em>3.\u00a0\u00a0\u00a0\u00a0\u00a0\u00a0 <\/em>Verantwortlicher<\/p>\n<p>Verantwortlich f\u00fcr die Datenverarbeitung ist:<\/p>\n<p>Name:\u00a0\u00a0\u00a0\u00a0\u00a0\u00a0\u00a0\u00a0\u00a0\u00a0\u00a0\u00a0\u00a0\u00a0\u00a0\u00a0\u00a0\u00a0\u00a0\u00a0\u00a0\u00a0\u00a0\u00a0 \u00a0\u00a0\u00a0\u00a0\u00a0\u00a0\u00a0\u00a0\u00a0 Suse Bauer \/ 2025 e.V.<\/p>\n<p>Anschrift: \u00a0\u00a0\u00a0\u00a0\u00a0\u00a0\u00a0\u00a0\u00a0\u00a0\u00a0\u00a0\u00a0\u00a0\u00a0\u00a0\u00a0\u00a0\u00a0\u00a0\u00a0\u00a0\u00a0\u00a0\u00a0\u00a0\u00a0\u00a0 Ruhrstra\u00dfe 88 \/ 22761 Hamburg<\/p>\n<p>E-Mail: \u00a0\u00a0\u00a0\u00a0\u00a0\u00a0\u00a0\u00a0\u00a0\u00a0\u00a0\u00a0\u00a0\u00a0\u00a0\u00a0\u00a0\u00a0\u00a0\u00a0\u00a0\u00a0\u00a0\u00a0\u00a0\u00a0\u00a0\u00a0\u00a0\u00a0\u00a0\u00a0\u00a0 mail(at)susebauer.net<\/p>\n<p><em><strong>\u00a0<\/strong><\/em><\/p>\n<p>4.\u00a0\u00a0\u00a0\u00a0\u00a0\u00a0 Verarbeitungsrahmen: Webseite<\/p>\n<p>Im Rahmen der Webseite mit der URL www.susebauer.net verarbeite ich die nachfolgend unter Ziffer 5-7 im Einzelnen aufgef\u00fchrten personenbezogenen Daten von Ihnen. Ich verarbeite nur Daten von Ihnen, die Sie aktiv auf der Webseite angeben (z.B. durch das Ausf\u00fcllen von Formularen) oder die Sie bei der Nutzung automatisch zur Verf\u00fcgung stellen.<\/p>\n<p>Ihre Daten werden ausschlie\u00dflich von mir verarbeitet und grunds\u00e4tzlich nicht an Dritte verkauft, verliehen oder weitergegeben. Sofern ich mich bei der Verarbeitung Ihrer personenbezogenen Daten der Hilfe externer Dienstleister bediene, erfolgt dies im Rahmen einer sogenannten Auftragsverarbeitung, bei der ich als Auftraggeber meinem Auftragnehmern gegen\u00fcber weisungsbefugt bin. Zum Betrieb unserer Webseite setzen wir f\u00fcr das Hosting einen externen Dienstleister ein. Sollten bei einzelnen, der in Ziffern 5-7 aufgef\u00fchrten Verarbeitungen weitere externe Dienstleister zum Einsatz kommen, werden sie dort benannt.<\/p>\n<p>Eine Daten\u00fcbermittlung in Drittstaaten findet grunds\u00e4tzlich nicht statt und ist auch nicht geplant. \u00dcber Ausnahmen von diesem Grundsatz werde ich in den nachfolgend dargestellten Verarbeitungen informieren.<\/p>\n<p><strong>\u00a0<\/strong><\/p>\n<p>5.\u00a0\u00a0\u00a0\u00a0\u00a0\u00a0 Kontaktaufnahme per E-Mail<\/p>\n<p>5.1\u00a0\u00a0\u00a0\u00a0\u00a0\u00a0 Beschreibung der Verarbeitung<\/p>\n<p>Sie k\u00f6nnen \u00fcber die auf der Webseite angegebenen E-Mail-Adressen Kontakt mit mir aufnehmen. In diesem Fall werden die mit der E-Mail \u00fcbermittelten personenbezogenen Daten durch mich verarbeitet.<\/p>\n<p>5.2\u00a0\u00a0\u00a0\u00a0\u00a0\u00a0 Zweck<\/p>\n<p>Die mit und in Ihrer E-Mail \u00fcbermittelten Daten werden ausschlie\u00dflich zum Zwecke der Bearbeitung und Beantwortung Ihres Anliegens verwendet.<\/p>\n<p>5.3\u00a0\u00a0\u00a0\u00a0\u00a0\u00a0 Rechtsgrundlage<\/p>\n<p>Die Verarbeitung ist zur Wahrung der \u00fcberwiegenden berechtigten Interessen des Verantwortlichen erforderlich (Art. 6 Abs. 1 lit. f DSGVO). Mein berechtigtes Interesse liegt in dem, in Ziffer 5.2 benannten Zweck. Sofern der E-Mail-Kontakt auf den Abschluss oder der Erf\u00fcllung eines Vertrages abzielt, so erfolgt die Datenverarbeitung zur Vertragserf\u00fcllung (Art. 6 Abs. 1 lit. b DSGVO).<\/p>\n<p>5.4\u00a0\u00a0\u00a0\u00a0\u00a0\u00a0 Speicherdauer<\/p>\n<p>Die Daten werden von mir gel\u00f6scht, sobald sie f\u00fcr die Erreichung des Zweckes ihrer Erhebung nicht mehr erforderlich sind. Dies ist f\u00fcr gew\u00f6hnlich der Fall, wenn die jeweilige Kommunikation mit Ihnen beendet ist. Beendet ist die Kommunikation dann, wenn sich aus den Umst\u00e4nden entnehmen l\u00e4sst, dass Ihr Anliegen abschlie\u00dfend gekl\u00e4rt ist. Sofern gesetzliche Aufbewahrungsfristen einer L\u00f6schung entgegenstehen, erfolgt eine L\u00f6schung unverz\u00fcglich nach Ablauf der gesetzlichen Aufbewahrungsfrist.<\/p>\n<p>6.\u00a0\u00a0\u00a0\u00a0\u00a0\u00a0 Soziale Netzwerke<\/p>\n<p>Meine Webseite verwendet keine sogenannten Social Media Plugins. In der Navigation der Webseite stehende Wort \u201eInstagram\u201c ist lediglich mit meinem entsprechenden Profil auf diesem Sozialen Netzwerk verlinkt verlinkt. Wenn Sie darauf anklicken, werden Sie auf die externe Webseite von weitergeleitet.<\/p>\n<p>7.\u00a0\u00a0\u00a0\u00a0\u00a0\u00a0 Adobe Typekit<\/p>\n<p>7.1\u00a0\u00a0\u00a0\u00a0\u00a0\u00a0 Beschreibung der Verarbeitung<\/p>\n<p>Meine Webseite verwendet \u201eAdobe Typekit\u201c, einen Schriftersetzungsdienst des Unternehmens Adobe Systems Software Ireland Ltd., 4-6 Riverwalk, Citywest Business Campus, Dublin 24, Irland (nachfolgend \u201eAdobe\u201c genannt). Mit Adobe Typekit werden bei der Darstellung der Webseite die Standardschriften Ihres Endger\u00e4tes durch Schriftarten aus dem Katalog von Adobe ausgetauscht. Falls Ihr Browser die Einbindung von Adobe Typekit unterbindet, wird der Text unserer Webseite in den Standardschriften Ihres Endger\u00e4tes angezeigt. Die Adobe Typekit-Fonts werden direkt von einem Adobe-Server geladen. Damit dies geschehen kann, sendet Ihr Browser eine Anfrage an einen Adobe-Server Dadurch wird ggf. auch Ihre IP-Adresse in Verbindung mit der Adresse unserer Webseite an Adobe \u00fcbermittelt. Adobe Typekit hinterlegt jedoch keine Cookies auf Ihrem Endger\u00e4t. Weitere Informationen zum Datenschutz bei Adobe Typekit finden Sie unter www.adobe.com\/privacy\/typekit.html. Allgemeine Informationen zum Thema Datenschutz bei Adobe finden sie in der Datenschutzrichtlinie des Unternehmens unter https:\/\/www.adobe.com\/de\/privacy\/policy.html.<\/p>\n<p>7.2\u00a0\u00a0\u00a0\u00a0\u00a0\u00a0 Zweck<\/p>\n<p>Die Verarbeitung erfolgt, um Ihnen den Text meiner Webseite besser lesbar und \u00e4sthetisch ansprechender anzeigen zu k\u00f6nnen.<\/p>\n<p>7.3\u00a0\u00a0\u00a0\u00a0\u00a0\u00a0 Rechtsgrundlage<\/p>\n<p>Die Verarbeitung ist zur Wahrung der \u00fcberwiegenden berechtigten Interessen des Verantwortlichen erforderlich (Art. 6 Abs. 1 lit. f DSGVO). Unser berechtigtes Interesse liegt in dem, in Ziffer 7.2 benannten Zweck.<\/p>\n<p>7.4\u00a0\u00a0\u00a0\u00a0\u00a0\u00a0 Empf\u00e4nger und \u00dcbermittlung in Drittstaaten<\/p>\n<p>Durch die Verwendung von Adobe Typekit werden ggf. personenbezogenen Daten an Adobe \u00fcbermittelt. Adobe verarbeitet Ihre personenbezogenen Daten auch in den USA und zwar gegebenenfalls durch das Konzernunternehmen Adobe Systems Incorporated, San Francisco, 345 Park Avenue, San Jose, California 95110, USA, das sich dem EU-US-Privacy-Shield unterworfen hat. Weitergehende Informationen zum EU-US-Privacy-Shield finden Sie unter https:\/\/www.privacyshield.gov\/EU-US-Framework.<\/p>\n<p>8.\u00a0\u00a0\u00a0\u00a0\u00a0\u00a0 Betroffenenrechte<\/p>\n<p>Im Hinblick auf die oben beschriebene Datenverarbeitung durch mich stehen Ihnen die folgenden Betroffenenrechte zu:<\/p>\n<p>8.1\u00a0\u00a0\u00a0\u00a0\u00a0\u00a0 Auskunft (Art. 15 DSGVO)<\/p>\n<p>Sie haben das Recht, von mir eine Best\u00e4tigung dar\u00fcber zu verlangen, ob ich Sie betreffende personenbezogene Daten verarbeite. Ist dies der Fall, steht Ihnen unter den in Art. 15 DSGVO genannten Voraussetzungen ein Recht auf Auskunft \u00fcber diese personenbezogenen Daten und auf die in Art. 15 DSGVO aufgef\u00fchrten weiteren Informationen zu.<\/p>\n<p>8.2\u00a0\u00a0\u00a0\u00a0\u00a0\u00a0 Berichtigung (Art. 16 DSGVO)<\/p>\n<p>Sie haben das Recht, von mir unverz\u00fcglich die Berichtigung Sie betreffender unrichtiger personenbezogener Daten und ggf. die Vervollst\u00e4ndigung unvollst\u00e4ndiger personenbezogener Daten zu verlangen.<\/p>\n<p>8.3\u00a0\u00a0\u00a0\u00a0\u00a0\u00a0 L\u00f6schung (Art. 17 DSGVO)<\/p>\n<p>Sie haben das Recht, von mir zu verlangen, dass Sie betreffende personenbezogene Daten unverz\u00fcglich gel\u00f6scht werden, sofern einer der in Art. 17 DSGVO im einzelnen aufgef\u00fchrten Gr\u00fcnde zutrifft, z. B. wenn Ihre Daten f\u00fcr die von mir verfolgten Zwecke nicht mehr ben\u00f6tigt werden.<\/p>\n<p>8.4\u00a0\u00a0\u00a0\u00a0\u00a0\u00a0 Einschr\u00e4nkung der Datenverarbeitung (Art. 18 DSGVO)<\/p>\n<p>Sie haben das Recht, von mir die Einschr\u00e4nkung der Verarbeitung zu verlangen, wenn eine der in Art. 18 DSGVO aufgef\u00fchrten Voraussetzungen gegeben ist, z. B. wenn Sie die Richtigkeit Ihrer personenbezogenen Daten bestreiten, wird die Datenverarbeitung f\u00fcr die Dauer eingeschr\u00e4nkt, die mir die \u00dcberpr\u00fcfung der Richtigkeit Ihrer Daten erm\u00f6glicht.<\/p>\n<p>8.5\u00a0\u00a0\u00a0\u00a0\u00a0\u00a0 Daten\u00fcbertragbarkeit (Art. 20 DSGVO)<\/p>\n<p>Sie haben das Recht, unter den in Art. 20 DSGVO aufgef\u00fchrten Voraussetzungen, die Herausgabe der Sie betreffenden Daten in einem strukturierten, g\u00e4ngigen und maschinenlesbaren Format zu verlangen.<\/p>\n<p>8.6\u00a0\u00a0\u00a0\u00a0\u00a0\u00a0 Widerruf von Einwilligungen (Art. 7 Abs. 3 DSGVO)<\/p>\n<p>Sie haben das Recht, bei einer Verarbeitung, die auf einer Einwilligung beruht, Ihre Einwilligung jederzeit zu widerrufen. Der Widerruf gilt ab dem Zeitpunkt seiner Geltendmachung. Er wirkt mit anderen Worten f\u00fcr die Zukunft. Die Verarbeitung wird durch den Widerruf der Einwilligung also nicht r\u00fcckwirkend rechtswidrig.<\/p>\n<p>8.7\u00a0\u00a0\u00a0\u00a0\u00a0\u00a0 Beschwerde (Art. 77 DSGVO)<\/p>\n<p>Wenn Sie der Ansicht sind, dass die Verarbeitung der Sie betreffenden personenbezogenen Daten gegen die DSGVO verst\u00f6\u00dft, haben Sie das Recht auf Beschwerde bei einer Aufsichtsbeh\u00f6rde. Sie k\u00f6nnen dieses Recht bei einer Aufsichtsbeh\u00f6rde in dem EU-Mitgliedstaat ihres Aufenthaltsorts, ihres Arbeitsplatzes oder des Orts des mutma\u00dflichen Versto\u00dfes geltend machen.<\/p>\n<p>8.8\u00a0\u00a0\u00a0\u00a0\u00a0\u00a0 Verbot automatisierter Entscheidungen\/ Profiling (Art. 22 DSGVO)<\/p>\n<p>Entscheidungen, die f\u00fcr Sie rechtliche Folge nach sich ziehen oder Sie erheblich beeintr\u00e4chtigen, d\u00fcrfen nicht ausschlie\u00dflich auf eine automatisierte Verarbeitung personenbezogener Daten \u2013 einschlie\u00dflich eines Profiling \u2013 gest\u00fctzt werden. Ich teile Ihnen mit, dass ich im Hinblick auf Ihre personenbezogenen Daten keine automatisierte Entscheidungsfindung einschlie\u00dflich Profiling einsetze.<\/p>\n<p>8.9\u00a0\u00a0\u00a0\u00a0\u00a0\u00a0 Widerspruch (Art. 21 DSGVO)<\/p>\n<p>Wenn ich personenbezogene Daten von Ihnen auf Grundlage von Art. 6 Abs. 1 lit. f DSGVO (zur Wahrung \u00fcberwiegender berechtigten Interessen) verarbeite, haben Sie das Recht, unter den in Art. 21 DSGVO aufgef\u00fchrten Voraussetzungen dagegen Widerspruch einzulegen. Dies gilt jedoch nur, soweit Gr\u00fcnde vorliegen, die sich aus Ihrer besonderen Situation ergeben. Nach einem Widerspruch verarbeite ich Ihre personenbezogenen Daten nicht mehr, es sei denn ich kann zwingende schutzw\u00fcrdige Gr\u00fcnde f\u00fcr die Verarbeitung nachweisen, die Ihre Interessen, Rechte und Freiheiten \u00fcberwiegen. Ich muss die Verarbeitung ebenfalls nicht einstellen, wenn sie der Geltendmachung, Aus\u00fcbung oder Verteidigung von Rechtsanspr\u00fcchen dient. In jedem Fall \u2013 auch unabh\u00e4ngig von einer besonderen Situation \u2013 haben Sie das Recht, jederzeit Widerspruch gegen die Verarbeitung Ihrer personenbezogenen Daten f\u00fcr Direktwerbung einzulegen.<\/p>\n<p><strong>\u00a0<\/strong><\/p>\n<p><em>Stand: Mai 2018<\/em><\/p>\n","protected":false},"excerpt":{"rendered":"<p>Trotz sorgf\u00e4ltiger inhaltlicher Kontrolle \u00fcbernehme ich keine Haftung f\u00fcr die Inhalte externer Links. F\u00fcr den Inhalt der verlinkten Seiten sind ausschlie\u00dflich deren Betreiber verantwortlich. mail(at)susebauer.net Galerie Conradi Hamburg \/ Brussels www.galerie-conradi.de _______________________________________________________________________ Datenschutzbestimmungen 1.\u00a0\u00a0\u00a0\u00a0\u00a0\u00a0 Einleitung Mit dem Betrieb meiner Webseite www.susebauer.net (im Folgenden \u201eWebseite\u201c genannt) verarbeite ich personenbezogene Daten. Diese werden von mir vertraulich behandelt und nach den geltenden Gesetzen \u2013 insbesondere der Datenschutzgrundverordnung (DSGVO) und des Bundesdatenschutzgesetzes (BDSG-neu) \u2013&hellip;<\/p>\n","protected":false},"author":1,"featured_media":0,"parent":0,"menu_order":0,"comment_status":"closed","ping_status":"closed","template":"","meta":[],"_links":{"self":[{"href":"http:\/\/susebauer.net\/wordpress\/wp-json\/wp\/v2\/pages\/9878"}],"collection":[{"href":"http:\/\/susebauer.net\/wordpress\/wp-json\/wp\/v2\/pages"}],"about":[{"href":"http:\/\/susebauer.net\/wordpress\/wp-json\/wp\/v2\/types\/page"}],"author":[{"embeddable":true,"href":"http:\/\/susebauer.net\/wordpress\/wp-json\/wp\/v2\/users\/1"}],"replies":[{"embeddable":true,"href":"http:\/\/susebauer.net\/wordpress\/wp-json\/wp\/v2\/comments?post=9878"}],"version-history":[{"count":6,"href":"http:\/\/susebauer.net\/wordpress\/wp-json\/wp\/v2\/pages\/9878\/revisions"}],"predecessor-version":[{"id":10621,"href":"http:\/\/susebauer.net\/wordpress\/wp-json\/wp\/v2\/pages\/9878\/revisions\/10621"}],"wp:attachment":[{"href":"http:\/\/susebauer.net\/wordpress\/wp-json\/wp\/v2\/media?parent=9878"}],"curies":[{"name":"wp","href":"https:\/\/api.w.org\/{rel}","templated":true}]}}